What is the highest common divisor of w and 162?
18
Let l be 320/56 - 4/(-14). Suppose 3*g = l*g - 24. Calculate the highest common factor of 12 and g.
4
Suppose 3*h - 457 = -139. Let u = h + -62. Let w be 1/(2/(-4))*-11. Calculate the greatest common factor of w and u.
22
Let k(b) = -b**3 + 3*b**2 + 3*b - 3. Let i be k(-2). Suppose -138 - 38 = -2*f. Calculate the highest common divisor of f and i.
11
Let b be (-1)/(18/(-544)) - 2/9. Suppose -2*j + b = -t, 6*j - 5*t = 3*j + 38. What is the greatest common divisor of j and 128?
16
Let z(g) = -2*g**2 + 38*g + 20. Let j be z(9). What is the greatest common divisor of j and 16?
8
Let z be (12/(-16))/(21/(-56)). Calculate the highest common divisor of 14 and z.
2
Let h(p) = p**3 + 6*p**2 - 7*p + 4. Let g be h(-7). Suppose 20 = 3*l - 7*l, 16 = b + g*l. Calculate the greatest common divisor of 4 and b.
4
Let w(j) be the first derivative of -2*j**3 - 5*j + 2*j**2 - 7 - 1/4*j**4. Let x be w(-7). What is the greatest common factor of 144 and x?
16
Suppose -300*p = -278*p - 1012. Let z(d) = -18*d - 6. Let t be z(-8). Calculate the highest common divisor of t and p.
46
Suppose -26*v = -25*v - 468. Calculate the highest common factor of v and 36.
36
Let w = 100 + 5. Suppose -4*d - y = -w + 9, 0 = 5*d + 3*y - 113. What is the highest common divisor of d and 225?
25
Suppose -15 - 3 = -3*y. Suppose y*n - 42 = 3*n. Suppose 0 = -4*o, -s + n = -o - o. Calculate the greatest common factor of 21 and s.
7
Let m = -6 + 13. Suppose 3*s + r = -169, -m*s + 3*s = -5*r + 238. Let c = s - -126. Calculate the greatest common factor of 23 and c.
23
Let d = 7 + 48. Suppose -3*b - 20 = -5*k, 3*k + b = -3*b + 12. Suppose 0 = -5*w + k*p + p + 125, -p + 63 = 3*w. What is the highest common divisor of d and w?
11
Suppose -2*j = -0*j - 12. Suppose -4*g - 2 = j. Let s be (-96)/g - (0 - -3). Calculate the highest common divisor of 18 and s.
9
Let i = -18 - -23. Suppose -9 = -i*x + 16. Suppose x*p - 5 = 0, -2*p = 4*r + p - 27. What is the greatest common divisor of r and 66?
6
Suppose 4*y + 4 = -0. Let c(g) = -g**3 - 13*g**2 - 18*g + 40. Let z be c(-11). Let p be z + y/(3/(-48)). Calculate the greatest common divisor of 132 and p.
12
Suppose 4*h = -3*v - 7 + 1, 8 = v - 2*h. Suppose -4*a = a + 4*j - 30, -2*a + 12 = -v*j. Let o be 4*a/4*7. Calculate the highest common factor of o and 21.
21
Let c = -22 - -27. Let r = -2 + 5. Suppose r*k = c*k - 20. Calculate the greatest common divisor of k and 50.
10
Let y be (1/2)/((-1)/(-288)*12). Let z = 120 - 36. What is the greatest common factor of z and y?
12
Let x(l) = -l**3 + 20*l**2 - 14*l - 15. Let n be x(19). Calculate the greatest common factor of 72 and n.
8
Suppose 4*k + 11 = -21. Let p be (-47)/7 + k/28. Let j = p - -9. Calculate the greatest common factor of 1 and j.
1
Let v(i) = -i**2 - 3*i - i**3 + 3*i + 0 + 2. Let u be v(0). Suppose -9 = -4*s + 3*s - p, -s - u*p + 14 = 0. Calculate the greatest common divisor of 28 and s.
4
Suppose 0 = -5*a - 15, -n - a = -5*a - 48. Let u = 35 + -11. What is the greatest common divisor of n and u?
12
Suppose -3*s - 14 = -2*s + 4*a, -2*s = -2*a - 2. Let k be 10 - ((s - 1) + 2). Suppose k + 109 = 5*w. Calculate the greatest common factor of 36 and w.
12
Let w = 1 + -16. Let n be 5/(w/(-18))*1. Let s be (5 + 0)*(-48)/(-5). Calculate the greatest common divisor of s and n.
6
Let q = -804 - -816. Let l be 53/3 + (-2)/(-6). Calculate the greatest common divisor of l and q.
6
Suppose -107 + 542 = 15*a. Let w = a - 11. Calculate the highest common factor of w and 9.
9
Suppose 2*d - 8 = 2. Suppose -4*p - 5*k + 3*k + 24 = 0, -5*p + 20 = d*k. What is the highest common divisor of 72 and p?
8
Let j be (-688)/(-28) + -25 + 454/14. Let l be 2/(1/(-1) + 3). Let c be (-2)/((-1)/24*l). What is the greatest common divisor of c and j?
16
Suppose 0 = 4*v + 10*v + 1330. Let t = v + 140. What is the highest common factor of t and 18?
9
Let a(n) = -2*n - 4 + n**2 + 0*n + 8*n. Let v be a(-7). What is the greatest common factor of v and 12?
3
Let s = 140 - 149. Let c be (s - -8)*2*(-15)/6. What is the highest common divisor of c and 20?
5
Let b(i) = i**3 - 4*i**2 + 2*i + 7. Let j be (10/8)/(6/24). Let v be b(j). Suppose 122 = 2*r + v. Calculate the highest common factor of r and 5.
5
Suppose -3*n = 204 - 579. Suppose -3*q + n = 2*q. Let v(f) = f**2 - 2*f + 2. Let l be v(3). What is the highest common divisor of l and q?
5
Let a = 1403 + -1371. What is the greatest common divisor of a and 496?
16
Let z(x) = 19*x + 1. Let k be z(2). Let u = k + -27. What is the highest common divisor of 3 and u?
3
Let d(s) = 2*s**2 + 14. Let v be d(6). Calculate the highest common factor of v and 215.
43
Suppose -2*p + 56 = 2*p. Let h(y) = y**3 + 12*y**2 + 15*y + 18. Let o be h(-9). What is the greatest common divisor of o and p?
14
Let d(n) = -n + 4. Let t be d(-7). Let m be (5 - t)*(-6)/4. Calculate the greatest common factor of m and 6.
3
Suppose -7*n - 220 = -2845. What is the greatest common divisor of 30 and n?
15
Let j = 236 - 234. Let q be (-17 - -1)*(-4)/4. What is the highest common factor of j and q?
2
Let r(k) = 10*k**2. Let v be r(1). Let i be 118/v + 2/10. Suppose 5*l = 174 + 66. Calculate the highest common factor of i and l.
12
Suppose -7 = -4*z + 1. Let x(v) = z*v + 8 - 16*v - 4*v - 13*v. Let l be x(-4). What is the greatest common divisor of l and 12?
12
Suppose -3875 = -93*n + 88*n. What is the greatest common divisor of n and 93?
31
Let f(k) = -k**3 - 18*k**2 - 17*k + 3. Let j be f(-17). Calculate the greatest common factor of 96 and j.
3
Let d = -26 - -48. Let t = 26 - 15. Suppose -t*n - 242 = -12*n. Calculate the highest common factor of n and d.
22
Let d be (1/(-2))/((-7)/98). Suppose -d*y = -4*y - 216. Calculate the highest common divisor of y and 9.
9
Suppose 3*j + 28 = 5*j + 5*l, 4*l - 80 = -4*j. Calculate the highest common factor of 1008 and j.
24
Let k = -2 - -6. Let h(c) = c - 8. Let a be h(10). Suppose 0*i - 4 = -a*i. What is the greatest common divisor of k and i?
2
Suppose -4*y + 70 = y. Let w be (-4)/y - 102/(-14). Let p(d) = -d**2 + 9*d - 8. Let u be p(w). What is the greatest common divisor of u and 42?
6
Suppose -377 = 2*p + 209. Let h = 469 + p. What is the greatest common divisor of 16 and h?
16
Let y(i) = 2*i - 24. Let v be y(15). Calculate the greatest common divisor of 6 and v.
6
Let j = 52 + -48. Suppose 4*o = -4*i + 100, 4*i + j*o - 28 = 3*i. What is the highest common divisor of i and 216?
24
Suppose -2*b + 4*f + 310 = 58, -b + 135 = -5*f. What is the greatest common divisor of 760 and b?
40
Let s(u) = 25*u**2 - 11*u + 4. Let b be s(3). Suppose -6*d - b = -10*d - 4*g, 0 = 4*d + g - 184. Calculate the highest common divisor of 30 and d.
15
Let c be 4 - (0 + -33 + 3). Calculate the greatest common divisor of c and 153.
17
Let o(a) = -2*a**2 + 7*a + 248. Let l be o(0). Calculate the highest common factor of 8 and l.
8
Suppose -8*d = -2606 + 638. What is the greatest common divisor of d and 615?
123
Let y be (-48)/(-32)*4/3*8. Suppose 4*j - 4*l = -4, -3*l + 35 = j + 4*j. Calculate the highest common factor of j and y.
4
Suppose 2*p - 18 = -2. Suppose 0*c - 4*c + 5*v = -372, -3*c + v + 268 = 0. Calculate the greatest common divisor of p and c.
8
Let c = -381 - -903. What is the highest common divisor of 29 and c?
29
Let k(i) be the first derivative of 4*i**2 - 4*i - 17. Let z be k(2). Let c be -2 + (1 - 37*-1). What is the greatest common factor of c and z?
12
Let r(l) = 2*l**2 - l - 5. Let x = 3 + -7. Let z be r(x). Suppose 4*v = -o + z, -4*o - 4*v + 82 = -2*v. What is the highest common factor of 38 and o?
19
Let w(g) = g**2 - 12*g + 6. Let n be w(14). Let b = -21 + n. Suppose -5*l - 3*v = -b - 18, 2*v = -2*l + 14. What is the greatest common divisor of 1 and l?
1
Let r be (-645)/387*258/(-10). Calculate the highest common factor of 1075 and r.
43
Let c = 12 + -3. Suppose 3*k = -0*k - c. Let y be k/(-9) - (-118)/6. Calculate the highest common divisor of 80 and y.
20
Let f(v) = 2*v - 3. Let i be f(1). Let c be (-12)/(-15)*i*-40. Calculate the highest common factor of c and 8.
8
Let r be (399/(-19))/((-9)/21). Let l be (14/(-6))/(2/(-6)). What is the highest common divisor of r and l?
7
Suppose 3*t - 3*b - 63 = 0, 0*b - 99 = -4*t + b. Let y = -46